 Let u = c - -5. Calculate the remainder when 40 is divided by u.
19
Let x(a) = a**2 + 5*a + 4. Let c be 3/2*(-5 + 3). Let k be x(c). Calculate the remainder when 2 is divided by (-1)/k - 5/(-10).
0
Suppose -2 = -5*c + 4*c. Suppose -4*w - 9 = -3*k, 4*k + w - 12 = -4*w. What is the remainder when k is divided by c?
1
Let t be 44/16 - 6/8. Let b(m) = 7*m**2 - 4*m + 3. Calculate the remainder when b(t) is divided by 6.
5
Suppose 2 = -u, 5*q + 4*u + u + 5 = 0. What is the remainder when q*34/((-6)/(-3)) is divided by 6?
5
Suppose -x = -3*o + 55, -5*o - x = -2*x - 89. Calculate the remainder when 31 is divided by o.
14
Let q = -225 + 354. What is the remainder when q is divided by 13?
12
Suppose 422 + 22 = 3*v. What is the remainder when v is divided by 25?
23
Let k(w) = -3*w**2 + 4*w + 13. Let j(x) = 13*x**2 - 17*x - 52. Let h(z) = 2*j(z) + 9*k(z). Calculate the remainder when 64 is divided by h(0).
12
Let x = -52 + 71. Let z(v) = -v**2 + 2*v**2 + 33 - v**3 + 23. What is the remainder when z(0) is divided by x?
18
Suppose 0 = -5*w - w + 162. Calculate the remainder when w is divided by 6.
3
Let g(f) = 35*f + 1. What is the remainder when g(2) is divided by 18?
17
Suppose -2*g + 4 = -2. Suppose 0 = 2*h - g - 11. What is the remainder when 12 is divided by h?
5
Let o be (-3)/(-6)*-1*4 + 8. Suppose -2*x = 3*l + 7, 12 = -3*x - 4*l + 3. Let z = o + x. Calculate the remainder when 11 is divided by z.
4
Let i = -44 + 118. What is the remainder when i is divided by 11?
8
Let j = 14 - -35. Suppose 37 = 3*c - 4*k, 2*k - j = -3*c - 0*k. What is the remainder when c is divided by 4?
3
Suppose 40 + 56 = 2*a. Calculate the remainder when a is divided by 17.
14
Let i = -11 - -21. Let n(t) = -3*t - 2 - 6*t + 0*t - t + t**3 + 6*t**2. Calculate the remainder when n(-7) is divided by i.
9
Suppose 5*q - 492 + 67 = 0. What is the remainder when q is divided by 22?
19
Suppose 5*v - 45 - 55 = 0. Calculate the remainder when 57 is divided by v.
17
Let w(r) be the second derivative of -r**3/6 + 3*r**2/2 - r. Suppose 1 - 41 = -2*d. Calculate the remainder when d is divided by w(-8).
9
Suppose -5*y = 4*a - 261, -3*a + 2*a = y - 66. Calculate the remainder when a is divided by 36.
33
Suppose 0 + 4 = 4*x. Calculate the remainder when -1 - 39*(0 - x) is divided by 20.
18
Suppose 0*q + 6 = 2*p + 2*q, -5*p + 17 = 3*q. Suppose 0 = 5*w - 2*n - 57, -3 - 30 = -w - 5*n. Calculate the remainder when w is divided by p.
1
Let j(h) = 3*h - 1. Suppose -2*a - 28 = -7*a + 2*r, 3*a + r = 8. Let t(u) = u**2 + 8*u - 1. What is the remainder when t(-11) is divided by j(a)?
10
Suppose -16 = -2*v + 8. Let i = v + -5. What is the remainder when 12 is divided by i?
5
What is the remainder when 45 is divided by -2*3/6*-23?
22
Let i(y) = y**2 - 12*y + 4. What is the remainder when 7 is divided by i(12)?
3
Suppose -2*h + 6*h - 2*w - 38 = 0, w = -5*h + 65. Let j(m) = 3*m - 1. Calculate the remainder when h is divided by j(2).
2
Let o(u) = 13*u + 1. Let r = 27 - 22. Calculate the remainder when o(1) is divided by r.
4
Suppose 2*l - 2*z - 18 = -0*l, -z + 3 = l. Suppose -2*s + 2 = -6. Suppose -3*x - s*n - 5 + 49 = 0, -3*n - 3 = 0. What is the remainder when x is divided by l?
4
Suppose -3*j = -3*o - 24, -2*j - 2*o + 3*o + 13 = 0. Let g = 2 + j. Calculate the remainder when 11 is divided by g.
4
Calculate the remainder when 49 is divided by (80/4)/((-2)/(-1)).
9
What is the remainder when ((-4)/10)/(4/(-320)) is divided by 13?
6
What is the remainder when 4 is divided by (-10)/5 + 6 + -2?
0
Suppose 2*y - 5 = 11. Calculate the remainder when 1*2*68/y is divided by 9.
8
Let v = 196 - 168. What is the remainder when 79 is divided by v?
23
Let w(u) = u**2 + 7*u - 6. What is the remainder when 4 is divided by w(-8)?
0
Suppose 4*o - 8 = -2*w, w - 3 = -5*o + 1. Suppose -u + 3*u - 34 = o. What is the remainder when u is divided by 4?
1
Let q(v) = v**2 - 2*v. Suppose -2*c = 3*w - 21, 5*c = 2*c + 9. Suppose 10 = w*x - 0*x. Calculate the remainder when q(3) is divided by x.
1
Suppose 140 = 5*i + 2*y, -77 = -5*i + 3*i - 5*y. Let v(u) = -u**3 + 12*u**2 + 19*u - 2. Calculate the remainder when v(13) is divided by i.
24
Let l = 49 + -28. What is the remainder when 104 is divided by l?
20
Let w(x) = -4*x**2 - x + x**2 - 1 + 7*x**2. Suppose -3*n + 78 = -3*q, -4*n + 5*q + 34 = -3*n. What is the remainder when n is divided by w(2)?
11
Suppose 0 = -3*g - 5*w + 6*w + 106, -5*g + 2*w + 176 = 0. Calculate the remainder when 101 is divided by g.
29
Let b(i) = i**2 + 3*i + 1. Let v be b(-4). Let j(q) = 8*q + 3. What is the remainder when j(v) is divided by 15?
13
Let q(w) = 31*w. Let t be q(1). Suppose 2*p = g - 8, -t + 9 = -g - 5*p. Calculate the remainder when 45 is divided by g.
9
Let m be (-18)/(-4)*(-32)/(-6). Suppose -m = -3*t + 45. Let b(h) = 4*h. Calculate the remainder when t is divided by b(2).
7
Suppose 0 = -4*g + 8*g - 76. What is the remainder when 37 is divided by g?
18
Suppose -3*j + 2*b = b - 14, -5*j = -3*b - 18. Suppose -j*y + 2*y = -96. Let l = -27 - -40. What is the remainder when y is divided by l?
11
What is the remainder when (7 - 83)*1/(-4) is divided by 5?
4
Suppose -2 = -2*p + 8. Let j be ((-6)/4)/(2/(-4)). Suppose -27 = -4*g + 4*a + p, -4*a + 38 = j*g. Calculate the remainder when 29 is divided by g.
9
Let p(o) be the third derivative of -o**4/24 + 7*o**3/6 - o**2. Let q be p(7). What is the remainder when 19 - (1/(-1) + q) is divided by 7?
6
Calculate the remainder when ((-35)/(-15))/(2/18) is divided by 4.
1
Suppose -3*h + 2*o + 28 = -2*o, -o + 2 = 0. What is the remainder when 21 is divided by h?
9
Suppose 3*p = -p + 24. Let k = -15 + 28. Let f = k - 9. Calculate the remainder when p is divided by f.
2
Let g be 198/(-12) - 9/(-6). Calculate the remainder when 47 is divided by (55/(-33))/(1/g).
22
Suppose 5*a - 16 = 3*a + h, -3*h - 12 = 0. Let u = -4 + a. Calculate the remainder when u is divided by 1.
0
Let u(a) = -35*a + 7. Let l(k) = 17*k - 4. Let z(c) = 5*l(c) + 3*u(c). Calculate the remainder when z(-1) is divided by 8.
5
Let m(y) = 15*y + 2. Let h be m(2). Suppose -3*x = -x - h. What is the remainder when 30 is divided by x?
14
Suppose 2*z - 2*o = 22, -3*z - o - 4 = -25. What is the remainder when 29 is divided by z?
5
Let o = 97 + -40. What is the remainder when o is divided by 30?
27
Suppose -b + 10 = -2*f + 7*f, -3*f + b = -6. Suppose -k = -f*k + 8. What is the remainder when 30 is divided by k?
6
Let i(p) = -8*p + 2. Let c be 1045/40 + (-3)/24. Let j = c + 26. Calculate the remainder when j is divided by i(-2).
16
Let h(u) = -2*u**2 + 3*u. Let q be h(2). Calculate the remainder when 29 is divided by q/((14/(-8))/7).
5
Let y(g) = g**2 + 255. Let o be y(0). Let s = o + -406. Let v = -102 - s. Calculate the remainder when v is divided by 17.
15
Suppose x = -3*n + 21, -2*x - 3*n + 16 + 17 = 0. Calculate the remainder when 12 is divided by (-21)/(-4) - 3/x.
2
Let i(l) = -7*l. Suppose 3*j + 2*j + 20 = 0. What is the remainder when 3 - (-102)/(-2 - j) is divided by i(-2)?
12
Suppose -8 = -4*l + 2*l. Let t be (74/(-3))/(l/(-6)). Suppose 6*z - z - 4*u = t, 0 = -5*z - 3*u + 16. What is the remainder when z is divided by 2?
1
Let o = 16 - 22. Let n = o + 10. What is the remainder when 10 is divided by n?
2
Let g = 9 + 11. What is the remainder when 77 is divided by g?
17
Let u be 1 + (1 - (-4 + 0)). Suppose -5*b + u = -4. Suppose 2*l = -b*f + 6*f + 24, 0 = -5*l + 2*f + 20. What is the remainder when 3 is divided by l?
1
Let n be 112/(-18) - 10/(-45). What is the remainder when (48/40)/(n/(-80)) is divided by 9?
7
Let x(s) = s**3 - 2*s**2 - 2*s - 2. Let w be x(3). Let t = w + 1. What is the remainder when 2 is divided by t?
0
Suppose 4*t = 3*t + 1. Suppose 0*p + 12 = 4*p + 5*x, 5*p - 10 = -5*x. What is the remainder when p*(-11 - 1/t) is divided by 13?
11
Suppose 10*n = 8*n + 32. Let g be (-2 + 47 + 2)*1. Calculate the remainder when 2 + 0 + -3 + g is divided by n.
14
Let o = -59 + 84. Calculate the remainder when 94 is divided by o.
19
Let b = 5 - -14. Suppose 6*q + 61 = 5*i + 3*q, -2*i + 3*q + b = 0. Calculate the remainder when (-9)/42*-258 + 8/(-28) is divided by i.
13
Suppose 0*h + 57 = h. Let l(i) = i**3 + i**2 + 4*i - 5. What is the remainder when h is divided by l(2)?
12
Suppose -3 = -2*i + 